{"id":1101,"date":"2023-06-26T13:17:01","date_gmt":"2023-06-26T13:17:01","guid":{"rendered":"http:\/\/www.glasfaser-internet.info\/fiber-news\/?page_id=1101"},"modified":"2025-03-12T16:44:42","modified_gmt":"2025-03-12T16:44:42","slug":"kontakt","status":"publish","type":"page","link":"https:\/\/www.glasfaser-internet.info\/fiber-news\/kontakt","title":{"rendered":"Kontakt"},"content":{"rendered":"<p>Im folgenden Kontaktformular k\u00f6nnen Sie uns per Mail erreichen.<br \/>\nBitte haben Sie Verst\u00e4ndnis, dass wir keinen Support per Mail geben k\u00f6nnen.<\/p>\n<p>&nbsp;<\/p>\n<p><span style=\"color:red;\"><b>Achtung:<\/b><\/span> F\u00fcr Fragen rund um Ihren <a href=\"https:\/\/www.glasfaser-internet.info\/anbieter\/glasfaser-anbieter-uebersicht.html\" data-internallinksmanager029f6b8e52c=\"37\" title=\"Welche Glasfaser-Anbieter gibt es?\">Glasfaseranbieter<\/a>, wenden Sie sich bitte <u>direkt an diesen<\/u>! Wir sind <u>kein<\/u> Provider, sondern ein Infoportal zum Thema <a href=\"https:\/\/www.glasfaser-internet.info\/faq\/ftth-vs-glasfaser.html\" data-internallinksmanager029f6b8e52c=\"8\" title=\"Was ist FTTH?\">FTTH<\/a>-Internet!<\/p>\n<p>&nbsp;<\/p>\n<p>&nbsp;<\/p>\n<p>&nbsp;<\/p>\n<div class=\"frm_forms  with_frm_style frm_style_formidable-style\" id=\"frm_form_2_container\" data-token=\"830285f29c679da8e443c37de8e15f44\">\n<form enctype=\"multipart\/form-data\" method=\"post\" class=\"frm-show-form \" id=\"form_contact-form2\" data-token=\"830285f29c679da8e443c37de8e15f44\">\n<div class=\"frm_form_fields \">\n<fieldset>\n<legend class=\"frm_screen_reader\">Glasfaser:<\/legend>\r\n\r\n<div class=\"frm_fields_container\">\n<input type=\"hidden\" name=\"frm_action\" value=\"create\" \/>\n<input type=\"hidden\" name=\"form_id\" value=\"2\" \/>\n<input type=\"hidden\" name=\"frm_hide_fields_2\" id=\"frm_hide_fields_2\" value=\"\" \/>\n<input type=\"hidden\" name=\"form_key\" value=\"contact-form2\" \/>\n<input type=\"hidden\" name=\"item_meta[0]\" value=\"\" \/>\n<input type=\"hidden\" id=\"frm_submit_entry_2\" name=\"frm_submit_entry_2\" value=\"cf3d661301\" \/><input type=\"hidden\" name=\"_wp_http_referer\" value=\"\/fiber-news\/wp-json\/wp\/v2\/pages\/1101\" \/><div id=\"frm_field_9_container\" class=\"frm_form_field form-field  frm_required_field frm_top_container frm12 frm_first\">\r\n    <label for=\"field_qh4icy2\" id=\"field_qh4icy2_label\" class=\"frm_primary_label\">Name\r\n        <span class=\"frm_required\" aria-hidden=\"true\">*<\/span>\r\n    <\/label>\r\n    <input type=\"text\" id=\"field_qh4icy2\" name=\"item_meta[9]\" value=\"\"  data-reqmsg=\"Dieses Feld darf nicht leer sein.\" aria-required=\"true\" data-invmsg=\"Name ist ung\u00fcltig\" aria-invalid=\"false\"  \/>\r\n    \r\n    \r\n<\/div>\n<div id=\"frm_field_10_container\" class=\"frm_form_field form-field  frm_required_field frm_top_container frm_full\">\r\n    <label for=\"field_29yf4d2\" id=\"field_29yf4d2_label\" class=\"frm_primary_label\">Email\r\n        <span class=\"frm_required\" aria-hidden=\"true\">*<\/span>\r\n    <\/label>\r\n    <input type=\"email\" id=\"field_29yf4d2\" name=\"item_meta[10]\" value=\"\"  data-reqmsg=\"Dieses Feld darf nicht leer sein.\" aria-required=\"true\" data-invmsg=\"Please enter a valid email address\" aria-invalid=\"false\"  \/>\r\n    \r\n    \r\n<\/div>\n<div id=\"frm_field_11_container\" class=\"frm_form_field form-field  frm_required_field frm_top_container frm_full\">\r\n    <label for=\"field_e6lis62\" id=\"field_e6lis62_label\" class=\"frm_primary_label\">Betreff\r\n        <span class=\"frm_required\" aria-hidden=\"true\">*<\/span>\r\n    <\/label>\r\n    <input type=\"text\" id=\"field_e6lis62\" name=\"item_meta[11]\" value=\"\"  data-reqmsg=\"Dieses Feld darf nicht leer sein.\" aria-required=\"true\" data-invmsg=\"Subject ist ung\u00fcltig\" aria-invalid=\"false\"  \/>\r\n    \r\n    \r\n<\/div>\n<div id=\"frm_field_12_container\" class=\"frm_form_field form-field  frm_required_field frm_top_container frm_full\">\r\n    <label for=\"field_9jv0r12\" id=\"field_9jv0r12_label\" class=\"frm_primary_label\">Ihr Anliegen an uns\r\n        <span class=\"frm_required\" aria-hidden=\"true\">*<\/span>\r\n    <\/label>\r\n    <textarea name=\"item_meta[12]\" id=\"field_9jv0r12\" rows=\"5\"  data-reqmsg=\"Dieses Feld darf nicht leer sein.\" aria-required=\"true\" data-invmsg=\"Ihr Anliegen an uns ist ung\u00fcltig\" aria-invalid=\"false\"  ><\/textarea>\r\n    \r\n    \r\n<\/div>\n<div id=\"frm_field_13_container\" class=\"frm_form_field form-field  frm_none_container\">\r\n    <label for=\"g-recaptcha-response\" id=\"field_h112i2_label\" class=\"frm_primary_label\">Captcha\r\n        <span class=\"frm_required\" aria-hidden=\"true\"><\/span>\r\n    <\/label>\r\n    <div  id=\"field_h112i2\" class=\"frm-g-recaptcha\" data-sitekey=\"6Lcfip4UAAAAAJfVuHWruQFQOQXhwMZaXxSMyLhA\" data-size=\"invisible\" data-theme=\"light\"><\/div>\r\n    \r\n    \r\n<\/div>\n<div id=\"frm_field_14_container\" class=\"frm_form_field form-field  frm_top_container vertical_radio\">\r\n    <div  id=\"field_jj9u72_label\" class=\"frm_primary_label\">Zustimmung zu unseren <a href=\"https:\/\/www.glasfaser-internet.info\/datenschutz.html\" target=\"_blank\">Datenschutzbestimmungen<\/a> zugestimmt\r\n        <span class=\"frm_required\" aria-hidden=\"true\"><\/span>\r\n    <\/div>\r\n    <div class=\"frm_opt_container\" aria-labelledby=\"field_jj9u72_label\" role=\"group\">\t\t<div class=\"frm_checkbox\" id=\"frm_checkbox_14-0\">\t\t\t<label  for=\"field_jj9u72-0\">\n\t\t\t<input type=\"checkbox\" name=\"item_meta[14][]\" id=\"field_jj9u72-0\" value=\"best\u00e4tigt\"  data-invmsg=\"Zustimmung zu unseren &lt;a href=&quot;https:\/\/www.glasfaser-internet.info\/datenschutz.html&quot; target=&quot;_blank&quot;&gt;Datenschutzbestimmungen&lt;\/a&gt; zugestimmt ist ung\u00fcltig\"   \/> best\u00e4tigt<\/label><\/div>\n<\/div>\r\n    \r\n    \r\n<\/div>\n<div id=\"frm_field_15_container\" class=\"frm_form_field form-field \">\r\n\t<div class=\"frm_submit\">\r\n\r\n<button class=\"frm_button_submit\" type=\"submit\"  >Senden<\/button>\r\n\r\n\r\n<\/div>\r\n<\/div>\n\t<input type=\"hidden\" name=\"item_key\" value=\"\" \/>\n\t\t\t<div id=\"frm_field_16_container\">\n\t\t\t<label for=\"field_kprwq\" >\n\t\t\t\tFalls Du menschlich bist, lasse dieses Feld leer.\t\t\t<\/label>\n\t\t\t<input  id=\"field_kprwq\" type=\"text\" class=\"frm_form_field form-field frm_verify\" name=\"item_meta[16]\" value=\"\"  \/>\n\t\t<\/div>\n\t\t<input name=\"frm_state\" type=\"hidden\" value=\"ZTRt84dSgzWRC87lvkk2Cv8ysAmp8N9w2gUvJgpMp7M=\" \/><\/div>\n<\/fieldset>\n<\/div>\n\n<\/form>\n<\/div>\n\n<p>&nbsp;<\/p>\n<p><strong>Viele Gr\u00fcsse! Das Glasfaser-Internet-Team<\/strong><\/p>\n<div style='text-align:center' class='yasr-auto-insert-visitor'><\/div>","protected":false},"excerpt":{"rendered":"<p>Im folgenden Kontaktformular k\u00f6nnen Sie uns per Mail erreichen. Bitte haben Sie Verst\u00e4ndnis, dass wir keinen Support per Mail geben k\u00f6nnen. &nbsp; Achtung: F\u00fcr Fragen rund um Ihren Glasfaseranbieter, wenden Sie sich bitte direkt an diesen! Wir sind kein Provider, sondern ein Infoportal zum Thema FTTH-Internet! &nbsp; &nbsp; &nbsp; &nbsp; Viele Gr\u00fcsse! Das Glasfaser-Internet-Team<\/p>\n","protected":false},"author":1,"featured_media":0,"parent":0,"menu_order":0,"comment_status":"closed","ping_status":"closed","template":"","meta":{"yasr_overall_rating":0,"yasr_post_is_review":"","yasr_auto_insert_disabled":"","yasr_review_type":"","iawp_total_views":269,"footnotes":"","_wp_rev_ctl_limit":""},"class_list":["post-1101","page","type-page","status-publish","hentry"],"yasr_visitor_votes":{"stars_attributes":{"read_only":false,"span_bottom":false},"number_of_votes":0,"sum_votes":0},"_links":{"self":[{"href":"https:\/\/www.glasfaser-internet.info\/fiber-news\/wp-json\/wp\/v2\/pages\/1101","targetHints":{"allow":["GET"]}}],"collection":[{"href":"https:\/\/www.glasfaser-internet.info\/fiber-news\/wp-json\/wp\/v2\/pages"}],"about":[{"href":"https:\/\/www.glasfaser-internet.info\/fiber-news\/wp-json\/wp\/v2\/types\/page"}],"author":[{"embeddable":true,"href":"https:\/\/www.glasfaser-internet.info\/fiber-news\/wp-json\/wp\/v2\/users\/1"}],"replies":[{"embeddable":true,"href":"https:\/\/www.glasfaser-internet.info\/fiber-news\/wp-json\/wp\/v2\/comments?post=1101"}],"version-history":[{"count":4,"href":"https:\/\/www.glasfaser-internet.info\/fiber-news\/wp-json\/wp\/v2\/pages\/1101\/revisions"}],"predecessor-version":[{"id":7282,"href":"https:\/\/www.glasfaser-internet.info\/fiber-news\/wp-json\/wp\/v2\/pages\/1101\/revisions\/7282"}],"wp:attachment":[{"href":"https:\/\/www.glasfaser-internet.info\/fiber-news\/wp-json\/wp\/v2\/media?parent=1101"}],"curies":[{"name":"wp","href":"https:\/\/api.w.org\/{rel}","templated":true}]}}